25*r + 19*r - 48*r. Suppose -q - 4*t + 4 = -0, -t = -2*q - 10. What is g(q)?
0
Let c(w) be the first derivative of -w**3/3 + 5*w**2/2 - 2*w - 1. Let v be c(4). Let m(h) = -2*h**2 - 2*h + 3*h**v - 3 + 0. Give m(4).
5
Let w(u) = 2*u - 2. Let y(h) = -4*h + 3. Let m(p) = 5*w(p) + 3*y(p). Let q = 26 + -27. Let d be m(q). Let o(j) = -8*j + 1. Determine o(d).
-7
Suppose -4*x + 35 = 7. Let p(m) = -m + 3. Let j be p(x). Let n(o) be the first derivative of o**2/2 + 7*o + 3. Give n(j).
3
Let z = -1 - -3. Let s(g) = -g**2 + 2*g**2 - 1 + 2*g + 3*g**z - 6*g**2. What is s(2)?
-5
Let z(g) = 7 + 3*g + g**3 - 5*g + 19*g**2 - 24*g**2. Give z(5).
-3
Let c = 8 - 13. Let l(s) = -7*s - 24. Let o(j) = -11*j - 36. Let m(d) = 8*l(d) - 5*o(d). What is m(c)?
-7
Suppose 2*j = -c + 5, 0*j - 3*j = 3*c - 12. Let o be 0 + 2 + -1 + 1. Let i(l) = -6 + 5*l**2 + 3 - 6*l - l**c + l**o. Determine i(5).
-8
Let d(b) be the second derivative of b**5/20 - b**4/2 - b**3/6 + 3*b**2 + 7*b. Calculate d(6).
0
Let x(t) = -2*t**2 + 2*t. Let p(a) = -3*a**2 + 3*a. Let d(j) = 5*p(j) - 7*x(j). Calculate d(1).
0
Let l(g) = g**3 - 2*g**2 + g. Suppose 8 - 2 = 3*v - 3*h, 3*h = -4*v + 8. Suppose -s - 1 = -v*s. Calculate l(s).
0
Let g(b) be the third derivative of b**6/120 - b**5/12 - b**3/3 - 2*b**2. Suppose 27 = 5*a - p, -5*a + p = -p - 29. Give g(a).
-2
Let c be (2/(-4) + 1)/(2/28). Let r(m) = m**3 - 7*m**2 - m. Calculate r(c).
-7
Let n(f) be the first derivative of 8*f + 1/2*f**2 - 1. Determine n(0).
8
Let v(a) be the third derivative of -a**4/24 + a**3/6 + 3*a**2. What is v(-2)?
3
Let n(l) = 2*l - 2. Let i be n(2). Let y be (i/(-4))/(2/(-20)). Let w(h) = -2*h + 6. What is w(y)?
-4
Let p = -11 + 19. Suppose 0 = 3*s - 7*s + p. Let y(f) = s*f + 2*f - 4 - 2*f. What is y(4)?
4
Let c be (-2)/2*2/(-1). Let g(y) = 0*y**2 + 0*y - y**3 + y - 4 - 3*y**c. Let t(o) = o**2 - 3*o - 3. Let u be t(3). What is g(u)?
-7
Let f(l) be the first derivative of -l**4/24 + l**3/6 - 3*l**2/2 + 7. Let d(o) be the second derivative of f(o). Give d(-5).
6
Let f = 3 + -9. Let n(c) = -4*c + 3. Let r(y) = 12*y - 8. Let v(s) = f*r(s) - 17*n(s). Let b be 2 + -1 - (0 - -3). Calculate v(b).
5
Let j be 2/(-4)*1*-4. Let w(m) = -6*m + 5*m + 2*m - 7*m**j. Calculate w(1).
-6
Let r(l) = l - 14. Let q(a) = -1. Let d(t) = 3*q(t) - r(t). Give d(6).
5
Let a(s) = -8*s + 8*s**2 - 4*s**2 + 4*s**2 - s**3. Calculate a(7).
-7
Let b(a) be the second derivative of -a**8/6720 - a**7/420 - a**6/180 + a**5/60 + a**4/12 - a. Let x(v) be the third derivative of b(v). Give x(-5).
-3
Let b(z) = 2*z**2 + 0*z**3 - 4*z**2 - 3*z + 6*z**2 - z**3. Let s(u) = -u - 2. Let r be s(-4). Give b(r).
2
Let f(t) = t**3 + 12*t**2 + 15*t + 14. Let r be f(-11). Let j be ((-8)/(-5))/((-6)/r). Let q(h) = 8*h - 5*h - j*h. Calculate q(-1).
5
Let w(o) = -4 + o + 0 + 3. Let m = -18 - -16. Give w(m).
-3
Suppose 2*b - b = -4*d + 12, -4 = -3*b + 4*d. Let x(h) = h - 2 + 0*h + b. What is x(-6)?
-4
Let f = -10 + 8. Let p(n) = -4*n**3 - n**2 - 13*n + 10. Let g(l) = 3*l**3 + l**2 + 9*l - 7. Let u(x) = -7*g(x) - 5*p(x). What is u(f)?
-5
Let j(h) = -3*h**2 - 4*h + 3. Suppose 0 = -3*a + 12 + 3. Let t(z) = -6 + z**2 + z + 0*z**2 + a. Let w(d) = j(d) + 4*t(d). Give w(-3).
8
Let f(r) be the second derivative of -r**6/120 - r**5/15 + r**4/8 + 2*r**3/3 + r**2/2 - 2*r. Let s(o) be the first derivative of f(o). Calculate s(-4).
-8
Let g(i) = -i**2 + 5*i + 5. Suppose 5*v + 5*w = 55, -25 = -3*w - 10. What is g(v)?
-1
Let h(y) = 12*y - 1. Let v(o) = 6*o. Let g(z) = 3*h(z) - 5*v(z). What is g(2)?
9
Let f(j) = -3*j**2 - 2*j + 2 - 2*j**2 + 3*j**2. Determine f(-2).
-2
Let s(p) be the third derivative of -7*p**4/24 - 32*p**2. Calculate s(-1).
7
Let d(q) = q**3 - 6*q**2 + 4*q. Suppose 5*j = 15, -2*j + 2 = 2*l - 12. What is d(l)?
-16
Let d = -264 + 6337/24. Let m(a) be the third derivative of 0 - d*a**4 + 0*a + a**2 + 5/6*a**3. What is m(5)?
0
Let u be (1 - 0 - 2)*1. Let v be (u/(-3))/((-2)/(-6)). Let g(q) be the third derivative of q**5/10 - q**4/12 + q**3/6 + q**2. What is g(v)?
5
Let y(z) = 8*z**3 - z**2 + 1. Suppose k - 1 = -0. Give y(k).
8
Let r(p) be the third derivative of p**5/20 + p**4/6 + p**3/6 - 16*p**2. Give r(-3).
16
Let y(m) = -5*m - 16. Let x(i) = 3*i + 8. Let j(r) = -11*x(r) - 6*y(r). What is j(6)?
-10
Let o(z) be the second derivative of 0 - 1/6*z**3 + 2*z - 3*z**2. What is o(-5)?
-1
Let g(r) be the second derivative of r**5/20 + r**3/6 + r**2 - 7*r. Suppose 5*a + 0*j - j = -6, -4*a + 5*j = 9. Let z be 0*(-2 + 2 - a). Give g(z).
2
Let n(x) = -7*x. Let d(h) be the first derivative of -11*h**2/2 + 6. Let z(f) = -5*d(f) + 8*n(f). What is z(-2)?
2
Let m(k) = -k**3 - 5*k**2 + 6*k + 9. Let n(l) = -l**2 - 2*l + 2. Let h be n(2). Let w(p) = p**2 + 7*p. Let t be w(h). Determine m(t).
9
Let i(t) = t**3 - 8*t**2 + 8*t - 1. Let u be (-6)/4*(-14)/3. What is i(u)?
6
Let l(o) = 3*o**2 + 2*o - 1. Suppose -20*q = -23*q - 9. What is l(q)?
20
Let z(a) = -a**2 + 4*a - 2. Suppose -2*h + 6 + 0 = 0. Calculate z(h).
1
Let f(n) = -n**2 - 6*n - 2. Suppose -6*t + 45 = 15. Suppose 4 = t*v - v, 3*q = -5*v - 13. Give f(q).
-2
Let w be (-2 - 0) + -4 + 0. Let s be (-9)/((w/(-4))/(-1)). Let x(j) = -j**2 + 7*j - 6. Give x(s).
0
Let w(x) be the third derivative of -x**7/2520 + x**6/180 - x**5/60 - x**4/12 + 3*x**2. Let n(i) be the second derivative of w(i). Give n(3).
1
Let l(c) = -5*c + 1. Let t = 97 + -95. Determine l(t).
-9
Let y(w) = -2*w - 11. Let c = 6 - 14. Calculate y(c).
5
Let i(v) = 60*v**3 + 1 + 2*v - 59*v**3 + 2 - v. Calculate i(0).
3
Let c = -6 + 9. Let k(v) = 0*v - 3*v - c + 2*v + 2*v. Determine k(3).
0
Suppose -4*y - 19 = 9. Let j(n) = -n**3 - 7*n**2 - n - 5. What is j(y)?
2
Let m(z) = 4 + 9*z - 20*z + 10*z. Calculate m(-4).
8
Let t = 30 - 23. Let z be t/9 - (-4)/18. Let r(g) = -4*g. What is r(z)?
-4
Let f = -19 - -21. Let m(u) = -3*u**3 - 6*u**2 - 5*u + 2. Let t(c) = -8*c**3 - 17*c**2 - 14*c + 6. Let a(v) = -11*m(v) + 4*t(v). What is a(f)?
0
Let t(y) be the third derivative of -y**6/120 - y**3/3 - y**2. Let v be -3 - 0 - (5 + 1 + -7). What is t(v)?
6
Let d(f) = -10*f - 1. Suppose 2*g - 7 = t, -5*g + 2*t + 20 = -t. Determine d(g).
-11
Let m(x) = 1 - x**2 + 4*x + 0 + 1. Suppose 4*g - 106 = -10. Suppose 5 + 15 = 2*h + 4*f, 3*h - g = -4*f. Determine m(h).
2
Let q(u) = u**3 - 6*u**2 + 2*u. Let t be -2 + ((-14)/(-10))/((-14)/(-70)). Give q(t).
-15
Let f(g) be the third derivative of -1/60*g**5 + 0*g + 0 + 0*g**4 - 5*g**2 + 5/6*g**3. Determine f(-4).
-11
Let p = -24 + 29. Let i(g) = 2*g + 4. Give i(p).
14
Let g(y) = y**3 - 5*y**2 + y + 2. Let l = -9 + 14. Calculate g(l).
7
Let r(g) = -g**2 + 7*g - 3. Let q be r(6). Suppose -q*t + 3*x + 15 = 0, 2*x - 5 = -4*t - 15. Let u(j) = 2*j + t - 1 - 6. Calculate u(5).
3
Let n(z) = -z - 1. Let h(y) = -2*y. Let i(x) = h(x) - n(x). Calculate i(4).
-3
Let i(r) be the third derivative of -r**5/60 + 7*r**4/24 - 3*r**3/2 - 36*r**2 - r. Suppose -20 = -4*f + 4. Give i(f).
-3
Let m(z) = -z**2 + 2*z**2 + 0*z**2 - 5*z. Let l be 3 + (8/4)/1. What is m(l)?
0
Let z(h) be the third derivative of 1/120*h**6 - 1/15*h**5 - 1/6*h**4 + 0*h + 0 - 3*h**2 - 2/3*h**3. Let r = 11 + -6. Calculate z(r).
1
Suppose 3*r = 4*d - 26, -4*d + 11 + 9 = 0. Let f(y) = -y**3 - 2*y**2 - y - 1. Determine f(r).
1
Let l = -18 + 14. Let v(p) = -3*p**3 + 6*p**2 + 2. Let r(k) = -k**3 + k**2 - k. Let h(s) = l*r(s) + v(s). What is h(-2)?
-6
Let f(j) = 2*j - 2. Let q be 186/36 + ((-10)/(-12) - 1). Give f(q).
8
Let y be (-11 + 1)/((-4)/8). Let d be ((-25)/y)/((-2)/8). Let i(r) = -r**3 + 4*r**2 + 7*r - 2. Calculate i(d).
8
Let p(k) = -5*k + 5. Suppose 5*h + 27 = -0*h - 3*z, -3*h = z + 17. Let t(r) = 1. Let n(s) = h*t(s) + p(s). Let x = -1 + 0. What is n(x)?
4
Let i(f) = -2*f**3 + 23*f - 11*f - 12*f + 3*f**2 - 2. Determine i(3).
-29
Let r(i) be the first derivative of i**2 + 5*i + 1. Let z(a) = -a + 1. Let t be z(0). Let h be (-22)/6 + t/(-3). Calculate r(h).
-3
Let n(b) = b**3 - 4*b**2 - 6*b - 2. Suppose -3*s = a + 6, 3*a - s - 47 = 3*s. Let v = -4 + a. Determine n(v).
-7
Let b(g) = -g**3 + g**2 - g + 1. Let d(k) = k**3 + 3*k**2 - 2*k + 3. Let a(p) = -3*b(p) + d(p). Give a(1).
5
Let y(m) be the first derivative of 2*m**2 - 2*m + 0 - m**2 + 1. Determine y(2).
2
Let h(m) be the first derivative of m**4/4 + 2*m**3/3 - m**2 - 